37).
-3
Let v(f) = -39*f**2 - 252*f - 61. Calculate v(-10).
-1441
Let h(p) = 9*p**3 + 187*p**2 + 692*p - 48. Calculate h(-5).
42
Let l(p) = 7*p + 811. Calculate l(-17).
692
Let j(u) = -294832*u - 10024295. What is j(-34)?
-7
Let i(z) = 51*z**2 - 12127*z - 27111. Give i(240).
9
Let i(o) = 1913*o + 176690. Determine i(-92).
694
Let v(d) = -d**3 + 4*d + 516. Calculate v(0).
516
Let p(w) = -1525024*w + 28975468. Calculate p(19).
12
Let h(x) = -115*x + 26. Determine h(-11).
1291
Let p(r) = r**3 - 35*r**2 + 248*r - 3402. Calculate p(15).
-4182
Let u(g) = 47*g**2 + 3418*g - 27393. Calculate u(8).
2959
Let d(l) = -l**3 - 19*l**2 + 86*l + 21. Calculate d(-23).
159
Let d(t) = t**3 - 43*t**2 + 590*t - 12154. Give d(36).
14
Let o(p) = -2*p**3 + 44*p**2 - 4937*p + 102868. Calculate o(21).
73
Let a(h) = 5*h**2 - 22*h - 1025. What is a(17)?
46
Let j(h) = -418*h + 38048. Give j(93).
-826
Let q(a) = a**3 - 59*a**2 - 247*a + 20568. Give q(57).
-9
Let b(m) = m**2 + 1302*m + 167350. What is b(-145)?
-415
Let q(v) = -426*v - 461. What is q(0)?
-461
Let r(v) = v**3 + 3*v**2 - 38*v - 163. Calculate r(-10).
-483
Let b(h) = h**3 + 66*h**2 + 29*h + 1916. What is b(-66)?
2
Let t(g) = g**3 + 24*g**2 - 55*g - 959. Determine t(-21).
1519
Let s(t) = -675*t**3 + 1361*t**2 + 36*t - 78. Calculate s(2).
38
Let p(d) = d**2 + 202*d - 5805. Determine p(26).
123
Let d(p) = 256137*p + 512274. Determine d(-2).
0
Let s(c) = -c**2 - 315*c - 14436. Calculate s(-57).
270
Let v(n) = n**3 + 482*n**2 + 9528*n - 3213. What is v(-21)?
0
Let a(v) = -11374*v - 17504586. What is a(-1539)?
0
Let w(j) = 7*j**2 + 34*j - 199. Determine w(5).
146
Let k(y) = -y**3 + 77*y**2 + 86*y - 622. Determine k(78).
2
Let g(h) = -h**3 + 1003*h**2 - 5927*h - 330. Give g(6).
0
Let y(i) = -23*i**3 + 2738*i**2 - 119*i + 5. Calculate y(119).
5
Let x(u) = -30974*u - 464623. Determine x(-15).
-13
Let i(s) = 238*s - 19005. Give i(81).
273
Let s(l) = -2*l**3 - 139*l**2 - 1510*l + 108. Give s(-56).
-4
Let b(w) = w**2 - 873*w + 40917. What is b(50)?
-233
Let m(o) = 104*o**2 + 5259*o + 2956. Give m(-50).
6
Let g(m) = -313186*m + 313188. Determine g(1).
2
Let k(w) = w**3 - 328*w**2 - 30*w + 9810. Calculate k(328).
-30
Let o(l) = 7781*l - 46639. What is o(6)?
47
Let k(w) = 72022*w + 1152362. Calculate k(-16).
10
Let z(o) = -1669*o**2 + 13351*o - 6. Give z(8).
-14
Let i(z) = 14967*z + 44931. Give i(-3).
30
Let b(i) = 4*i**3 + 1180*i**2 - 19896*i - 111. Determine b(16).
17
Let q(l) = 317*l + 23814. Give q(-75).
39
Let q(i) = -25*i**2 + 6084*i - 2397. Calculate q(243).
-210
Let c(u) = 1212*u**2 + 25462*u + 192. Determine c(-21).
-18
Let k(x) = -x**3 + 16*x**2 - 125*x + 420. Give k(7).
-14
Let v(l) = -l**3 + 13*l**2 - 140*l + 931. Give v(0).
931
Let d(u) = -4*u**2 + 7517*u + 90139. Determine d(-12).
-641
Let f(i) = 3*i**3 - 15*i**2 + 1237*i - 7583. What is f(6)?
-53
Let v(g) = -11*g**3 + 416*g**2 - 318*g - 699. Give v(37).
-144
Let h(q) = -7*q**3 + 93*q**2 - 160*q + 607. What is h(12)?
-17
Let l(j) = -j**2 + 24895*j + 398579. Give l(-16).
3
Let w(i) = 194*i - 2892. Determine w(15).
18
Let y(m) = -m**3 - 10*m**2 - 4257*m - 38225. What is y(-9)?
7
Let x(d) = -35972*d - 395704. Give x(-11).
-12
Let h(w) = -w**3 + 26*w**2 + 125*w - 496. Determine h(28).
1436
Let q(s) = 3606*s + 39759. What is q(-11)?
93
Let m(f) = 162*f + 16524. What is m(-97)?
810
Let l(i) = -80*i**2 + 22628*i + 3560. Calculate l(283).
164
Let f(g) = 5*g**3 + 549*g**2 + 445*g + 1007. Give f(-109).
26
Let h(x) = -x**3 + 57*x**2 - 13428*x + 732485. Determine h(55).
-5
Let p(h) = 2*h**2 - 763*h + 72244. Calculate p(181).
-337
Let u(t) = 43004*t + 1161096. Determine u(-27).
-12
Let v(d) = d**3 + 71*d**2 + 838*d + 17367. Calculate v(-62).
7
Let q(s) = -s**2 - 63*s + 319. Determine q(-35).
1299
Let d(u) = 4939*u - 735919. Determine d(149).
-8
Let g(t) = t**2 + 1348*t - 20242. Determine g(15).
203
Let d(g) = 4*g**3 - 30*g**2 + 42*g - 333. Determine d(11).
1823
Let t(y) = y**2 + 205*y - 39428. Give t(121).
18
Let z(h) = 6848*h - 34303. Give z(5).
-63
Let x(r) = r**2 + 2693*r + 48168. What is x(-18)?
18
Let z(o) = -36*o**2 + 825*o + 262. Determine z(24).
-674
Let m(f) = 927*f**2 - 4*f - 22. Determine m(1).
901
Let q(r) = 60279*r + 31. Calculate q(0).
31
Let t(h) = 6*h**2 + 729*h - 2539. Calculate t(-125).
86
Let a(y) = -280*y + 6689. Calculate a(24).
-31
Let r(w) = w**3 - 70*w**2 + 1120*w + 124. What is r(45)?
-101
Let b(s) = -2*s**3 + 860*s**2 + 22740*s - 150. What is b(-25)?
100
Let y(p) = 142*p + 315. What is y(4)?
883
Let r(u) = -2*u**2 + 55*u + 268. Give r(-4).
16
Let u(q) = 2*q**2 - 112*q - 2462. What is u(73)?
20
Let m(z) = -z**3 + 80*z**2 - 806*z + 1509. Calculate m(9).
6
Let f(v) = -v**3 + 172*v**2 - 1615*v - 654. What is f(162)?
156
Let m(h) = 6125*h - 54817. Determine m(9).
308
Let u(k) = 45*k**2 + 317*k - 1608. Determine u(5).
1102
Let u(y) = -18893*y + 18128. Calculate u(1).
-765
Let i(p) = -717*p**2 - 2855*p + 76. Determine i(-4).
24
Let u(q) = -1615*q - 14527. What is u(-9)?
8
Let k(i) = -14*i**3 - 108*i**2 + 28*i + 30. Determine k(-8).
62
Let z(s) = 14121*s - 225984. What is z(16)?
-48
Let s(z) = 464*z**2 - 8818*z + 13. Calculate s(19).
-25
Let k(b) = 1951*b + 12586. What is k(-7)?
-1071
Let g(y) = y**3 - 136*y**2 + 652*y + 399. What is g(131)?
6
Let r(m) = -m**2 - 186*m + 79567. Calculate r(206).
-1185
Let f(y) = -11679*y + 140150. Give f(12).
2
Let l(u) = 713*u**2 - 1414*u - 14. What is l(2)?
10
Let h(p) = 27153*p + 543084. Give h(-20).
24
Let x(i) = i**3 + 103*i**2 + 145*i - 5801. Calculate x(-101).
-44
Let x(k) = -123738*k - 494933. What is x(-4)?
19
Let a(w) = -11*w**2 + 788*w + 126. Determine a(71).
623
Let r(y) = -9*y**3 + 471*y**2 - 156*y + 11. Determine r(52).
11
Let d(z) = 8*z**3 - 328*z**2 + 910*z + 47. Determine d(38).
-29
Let a(b) = -59*b**2 - 96*b - 28. Determine a(-6).
-1576
Let w(a) = -2392*a + 38321. What is w(16)?
49
Let m(j) = 847*j + 175060. Determine m(-206).
578
Let v(y) = -y**3 - 1476*y**2 + 117949*y + 200. Determine v(76).
-28
Let i(z) = -5450*z**3 + 4*z**2 + 47*z + 43. What is i(-1)?
5450
Let h(y) = 4*y**2 - 116303*y + 348898. Give h(3).
25
Let r(b) = -6*b**3 - 260*b**2 - 57*b - 253. Give r(-43).
-1500
Let n(c) = 35*c**2 + 14*c - 135. Calculate n(-3).
138
Let g(d) = d**2 + 41538*d + 539784. Calculate g(-13).
-41
Let q(a) = 3998*a - 7844. Give q(2).
152
Let c(r) = 12702*r + 2629361. What is c(-207)?
47
Let k(w) = 58723*w - 2348930. Give k(40).
-10
Let b(p) = -2*p**3 + 79*p**2 - 853*p + 156. Determine b(25).
-3044
Let z(n) = 2*n**2 - 10711*n + 32105. Determine z(3).
-10
Let b(l) = 269*l + 36590. Give b(-136).
6
Let s(z) = -z**2 + 1768*z - 24619. Give s(14).
-63
Let k(y) = 319*y**2 + 2105*y + 1154. Determine k(-6).
8
Let s(g) = g**2 + 90257*g - 180512. What is s(2)?
6
Let w(o) = o**3 + 16*o**2 - 562*o - 1582. Determine w(-32).
18
Let k(w) = 1128*w + 10024. Determine k(-6).
3256
Let z(l) = -12*l**3 - 27*l**2 - 77*l + 40. What is z(5)?
-2520
Let c(w) = w**2 - 1190*w + 353504. What is c(618)?
8
Let u(n) = 2*n**2 - 42*n - 1541. Determine u(-16).
-357
Let v(t) = -1116*t**3 - 222*t**2 + 220*t + 3. Give v(1).
-1115
Let u(b) = -b**2 + 10382*b + 1228378. Calculate u(-117).
-5
Let j(y) = -y**2 - 398*y + 20465. Calculate j(46).
41
Let i(m) = 11*m**3 + 75*m**2 - 391*m - 33. Calculate i(5).
1262
Let l(q) = 2976*q - 5071100. Give l(1704).
4
Let w(m) = 5*m**2 + 2923*m + 404556. Determine w(-225).
6
Let k(x) = 3*x**2 - 26*x - 83239. Calculate k(171).
38
Let h(t) = 6*t**2 + 540*t - 34. Calculate h(-4).
-2098
Let m(l) = -2909*l + 9707. Calculate m(5).
-4838
Let w(d) = -9496*d - 37979. Determine w(-4).
5
Let l(n) = -7*n**3 - 60*n**2 - 109*n - 6. Determine l(-7).
218
Let m(t) = -8149*t - 139029. Give m(-17).
-496
Let n(u) = -87*u + 7047. Calculate n(66).
1305
Let a(h) = -5107*h - 71494. What is a(-14)?
4
Let t(n) = -1943*n**2 + 44666*n - 45. Determine t(23).
-574
Let v(h) = 6*h**2 - 288*h - 253. Give v(49).
41
Let z(p) = 4*p**2 - 11554*p - 81077. Give z(-7).
-3
Let w(k) = -28297*k - 18025194. Calculate w(-637).
-5
Let m(k) = 900*k + 12400. Give m(-6).
7000
Let n(y) = 187*y - 816. Calculate n(15).
1989
Let t(r) = -r**3 + 1160*r**2 + 39420*r + 68. Calculate t(-33).
-1615
Let m(b) = -49050*b + 441408. What is m(9)?
-42
Let t(c) = c**2 + 586*c - 48834. Calc